 0. Suppose 0 = 4*f - 4*t - 24, 8*f + 3*t - 54 = 3*f. What is the greatest common factor of m and f?
1
Let l(m) = -m**2 - 8*m + 32. Let b be l(3). Let o be ((-98)/(-42))/(b/(-30)). What is the highest common factor of o and 28?
14
Suppose 35 - 15 = 5*u. Suppose 150 = -u*g - g. Let r be (3 + 30/(-9))*g. What is the greatest common factor of r and 90?
10
Let b be 14/5 - (-5)/25. Let l be (11 + 2)*(b + 2). Let y be (-3)/2 - l/(-10). Calculate the greatest common divisor of y and 30.
5
Let a(t) = -8*t - 11 - 20 + 15 - 42. Let z be a(-8). What is the highest common divisor of 12 and z?
6
Suppose -3*u - 93 = -4*u. Let o = u + -27. Let s = -14 - -20. What is the greatest common factor of s and o?
6
Let z be 4/54 + 15548/54. Calculate the greatest common factor of 1248 and z.
96
Let y be (2/4)/((-3)/(-1344)). Let m = 18 - -10. Calculate the greatest common divisor of m and y.
28
Let q(d) = -d**3 + 26*d**2 - 14*d - 182. Let t be q(23). What is the highest common factor of 114 and t?
57
Let n(c) = -5*c - 103. Let p be n(-27). Calculate the greatest common divisor of p and 44.
4
Let f(r) be the second derivative of r**4/6 + 31*r**3/6 + 19*r**2/2 + 32*r. Let a be f(-16). Calculate the greatest common divisor of a and 5.
5
Let x(n) = 4*n - 16. Let k(f) = -11*f + 49. Let j(t) = 3*k(t) + 8*x(t). Let d be j(9). Suppose 0*i - 350 = -5*i. What is the highest common factor of i and d?
10
Suppose -2*x + 5*z + 9 = 0, -5*z = -6*x + x + 15. Let s = -486 + 489. Suppose s*t - 15 = -x*t. What is the highest common divisor of 3 and t?
3
Suppose -x - 7 - 161 = -4*y, 168 = 4*y - 2*x. Suppose 2*w - 108 = -3*b + b, b - y = 2*w. Calculate the greatest common divisor of b and 10.
10
Let x(h) = 16*h + 2. Let w(n) = -34*n - 36*n - 5 - 6 - 25*n. Let m(q) = -6*w(q) - 34*x(q). Let b be m(1). Calculate the greatest common factor of 12 and b.
12
Let f = 38 - 20. Let s be ((-4)/8)/((-1)/f). Let y be 806/18 + 8/36. Calculate the highest common divisor of y and s.
9
Let t(d) = 8*d**3 + d**2 - d + 1. Let y be t(1). Let w be 24*1/(3/1). Let c be (20/w - 4)*-4*1. What is the greatest common factor of y and c?
3
Suppose -5*o - 73 = 4*f - 5, -3*o - 60 = -4*f. Let w be (-4 + 3)/(4/o). What is the greatest common divisor of w and 36?
4
Let t be -4*(-3)/((-24)/(-2)). Calculate the highest common factor of t and 1.
1
Suppose -6257 = -26*x + 7549. Calculate the greatest common divisor of x and 9.
9
Let n = -31 - -52. Suppose 131*f + 134*f - 57400 = 3815. Calculate the highest common factor of n and f.
21
Suppose -168 = -18*b - 10*b. Calculate the highest common divisor of b and 384.
6
Suppose -2*n = n - 39. Let k be 7 - 0 - ((-45)/9 - 157). Calculate the highest common divisor of n and k.
13
Let g = -34 + 36. Let k(s) = s**2 + 9*s + 20. Let i be k(-6). Suppose 80 = 7*h - i*h. What is the greatest common divisor of g and h?
2
Suppose -3 = -2*b + b, -s = 3*b - 940. What is the highest common factor of 19 and s?
19
Suppose 2*b = 4*z - 0 - 32, -8 = -z - 2*b. Let w = z + -3. Suppose 3*v - 74 = 4*t, w*v = t + 160 - 31. What is the greatest common divisor of 39 and v?
13
Suppose 450 = 19*q - 18*q. Calculate the highest common divisor of q and 25.
25
Let v(o) = -13*o - 1. Let p be v(-5). Let y = 13 - -19. Suppose -2*b = -4*b + y. What is the highest common divisor of p and b?
16
Let j be 56/(2/(5 + -3)). What is the highest common factor of 8 and j?
8
Suppose -28 = -4*q + 2*i + 6, -2*i + 2 = 2*q. Let m(w) = w**3 - 5*w**2 + 2*w - 8. Let j be m(q). What is the highest common factor of j and 100?
20
Let b = -272 - -96. Let d be (b/12 - -4)*-12. Suppose -4*t + 3*v - 8*v = -79, -4*t + 4*v = -52. Calculate the greatest common divisor of t and d.
16
Let p(g) = g**2 + 2*g - 4. Let d be p(2). Suppose 80 = -0*h + d*h. Let u = -21 + 41. Calculate the greatest common divisor of u and h.
20
Suppose 83 = -3*g + 368. Calculate the highest common divisor of 57 and g.
19
Suppose -3*w + 5*a + 135 + 137 = 0, 2*w = -3*a + 156. Let u(y) = y**2 + 18*y - 103. Let d be u(-23). Calculate the greatest common divisor of w and d.
12
Let l = 21 + -13. Let d = 22 - l. Suppose -288 = -5*z + 3*a - 87, 5*z - a = 207. Calculate the greatest common factor of d and z.
14
Let b be (-7)/(14/(-264)) + 1. Suppose o + b = 2*o - 4*t, o + 4*t - 109 = 0. Calculate the highest common divisor of o and 11.
11
Let i be (0 + 1)*(27 - -83) - -7. Suppose 3*j = -3*l + 15, -4*j + 0*j + 5*l - 7 = 0. Suppose 4 + 22 = j*u. Calculate the highest common divisor of i and u.
13
Let s be (-93)/9*(14 - -10). Let d = 404 + s. What is the greatest common factor of 26 and d?
26
Suppose 0 = -3*b + 6, -4*d + 38 = -2*b - 30. What is the greatest common divisor of 72 and d?
18
Suppose 0 = 4*r - 41 - 135. Suppose -3*v + 4 = -r. What is the greatest common divisor of v and 16?
16
Suppose 60*u = 45*u + 1695. Calculate the greatest common factor of 1 and u.
1
Let u be 3/(-15) + 3 + (-662)/(-10). Calculate the highest common factor of u and 46.
23
Suppose -5*w = -x + 1, -2*x + 3*w = 3*x - 49. Suppose -4*v + 9 = -x. Let r be (-25)/10*(-18)/v. Calculate the greatest common factor of 99 and r.
9
Suppose 9*v - 5*v = 64. Let g = 11 - -5. What is the highest common factor of v and g?
16
Let x(v) = -4*v**3 + v**2 + v. Let p be x(-2). Let u = -104 - -121. What is the highest common factor of p and u?
17
Let b(u) = 2*u**3 - 43*u**2 + 67*u - 12. Let r be b(20). Let x = -16 + 32. Calculate the greatest common factor of r and x.
16
Suppose 2*c - c - 11 = -l, -8 = 2*c - 4*l. What is the greatest common factor of 51 and c?
3
Suppose -45 = -3*y + 123. Let l = 111 + -103. Calculate the highest common divisor of l and y.
8
Let a be 642/48 + (-6)/16. Suppose i + 4*n = a, -3*i - 3*n = -36 + 6. What is the highest common divisor of 45 and i?
9
Let a be (-3 + 5 - -146)*1. Suppose 0 = 4*g - 2*d + 510, -3*g - 2*d - a = 238. Let u = g - -188. Calculate the greatest common factor of 15 and u.
15
Suppose 12*d = 10*d + 20. Suppose 5*r = 4*x, 4*x - 5*r + r = 0. Suppose -2*h + 46 + 54 = x. Calculate the greatest common divisor of d and h.
10
Let g be (-20)/((-18)/9) - -77. What is the greatest common factor of g and 29?
29
Let l = -23 + 10. Let v be (l/26)/(2/(-52)). Calculate the highest common divisor of 104 and v.
13
Let o(h) = -h - 8. Let s be o(-9). Let x be (-152)/(-32) + s/4. Suppose 3*j - 8*j = 4*w + 11, 18 = 3*w - x*j. What is the greatest common divisor of 5 and w?
1
Let i be (-2 - 96/(-18))/((-2)/(-36)). What is the greatest common divisor of 20 and i?
20
Let s(l) = -9*l + 150. Let v be s(14). What is the highest common divisor of 552 and v?
24
Let d = 369 - 70. Suppose m - 300 = 5*m. Let n = m + d. What is the highest common factor of n and 28?
28
Let u(b) = 26*b**2 + 5*b + 24. Let a be u(-4). What is the highest common factor of 4 and a?
4
Let q be ((-8)/20 - 0)/((-1)/35). What is the highest common factor of q and 224?
14
Suppose 14*y = 993 - 265. What is the highest common factor of y and 26?
26
Suppose 0 = -4*r - 5*j + 34, -5*j + 6 = 2*r - 16. Suppose 5*m = r + 19, 5*b - 1305 = 3*m. Calculate the greatest common factor of 24 and b.
24
Let z(g) = g + 27. Let f be z(-15). Let a = f - 7. What is the greatest common divisor of a and 35?
5
Suppose 4*u + 3*u - 35 = 0. Suppose -u*n + 39 = -0*n - 4*w, 4*n = -5*w + 23. What is the highest common divisor of n and 21?
7
Suppose 1 = 3*j - 2, -4*j + 1368 = 4*o. Calculate the highest common factor of 11 and o.
11
Let f = 1385 - -135. Calculate the highest common factor of f and 80.
80
Suppose -v - 5*j + 18 + 32 = 0, -4*v + 2*j + 244 = 0. What is the highest common factor of 132 and v?
12
Let u(p) = -10*p**2 - 10*p + 2. Let o(q) = q**2 + q - 1. Let a(i) = -6*o(i) - u(i). Let k be a(-3). What is the highest common divisor of 42 and k?
14
Let d be ((-6)/6)/((-3)/9). Suppose 5*b - c - 124 = 0, 3*b - 3*c - 72 = 12. What is the greatest common factor of d and b?
3
Let s = -5 - -8. Suppose s*b - 8*b = -70. Suppose 5*k - 78 = 482. Calculate the highest common factor of b and k.
14
Let s(g) = g**3 - g**2 - g + 1. Let l(y) = -4*y**3 - 4*y**2 + 9*y - 8. Let b(v) = l(v) + 6*s(v). Let f be b(5). What is the highest common divisor of f and 1?
1
Let k = -589 - -1183. Calculate the highest common factor of k and 22.
22
Let j(r) = -r**2 - 13*r - 7. Let b be j(-6).